 List the prime factors of h.
2, 7
Let z = 60 - 23. What are the prime factors of z?
37
Suppose 0 = 5*l - 49 - 586. What are the prime factors of l?
127
Let y = 14 - 20. Let l be y/3 - -3 - 1. Suppose l*n = -2*n + 6. What are the prime factors of n?
3
Let m(k) = -k**3 - 5*k**2 + 2. Let g be (2 - 9/(-3))/(-1). Let i be m(g). List the prime factors of i/(-10) + (-22)/(-10).
2
Let s(p) = 7*p**2 + 2*p + 6. What are the prime factors of s(5)?
191
Let n(c) be the second derivative of c**4/6 + c**3/3 - c**2 + c. What are the prime factors of n(2)?
2, 5
Suppose -4*u - 2*u = -48. What are the prime factors of u?
2
Let f(g) = -1 + 0*g**2 + 2*g + g**2 - 4*g. Suppose -3*h + 20 = 2*h. What are the prime factors of f(h)?
7
Suppose -40 = -4*w + 4*k, -4*w + w - 5*k = 2. What are the prime factors of (-56)/6*w/(-4)?
2, 7
Suppose 3*u = 133 - 13. Suppose -2*r - v + u = v, -v = 3*r - 58. List the prime factors of r.
19
Let v(c) = 4*c**2 - 2*c + 1. List the prime factors of v(2).
13
Suppose x + 24 = b, -4*b + x + 120 = b. Suppose 4*t - b = -0*t. What are the prime factors of t?
2, 3
Let j(o) = 2*o - 58*o**2 - 2*o. Let f be j(1). List the prime factors of 1/3 - f/6.
2, 5
Suppose 3*p - p = 5*d - 37, 0 = 4*p + 4. What are the prime factors of d?
7
Suppose -w = 5*z - 45 + 18, -z + 2 = 0. List the prime factors of w.
17
Let d be (2/(-4))/((-6)/72). Suppose v = -0*v + d. List the prime factors of v.
2, 3
Let d = 16 - -4. Let c = d - 16. What are the prime factors of c?
2
Suppose 7 = -2*o + 29. Suppose -11 - o = -2*k. What are the prime factors of k?
11
Suppose 944 + 1338 = 7*i. List the prime factors of i.
2, 163
Let t be (-2)/2 - (-5 - -2). Suppose 2*h = t*u - 8, 4*u - 2*h = -h + 28. Suppose -3*p - p = -u. List the prime factors of p.
2
Let r be 2/(-4) - (-18)/(-4). Suppose 4*c - 4*o + 76 = 0, -4*o - 37 = 4*c + 63. Let i = r - c. What are the prime factors of i?
17
Let z = 30 + -12. Suppose 3*j + q = z, 2*q + 33 = 3*j - 2*q. Let t = j + -2. List the prime factors of t.
5
Suppose -4*v - 12 = -0*v. Let i be 5 - (-2 - (v - -1)). Suppose 0 = i*a + 17 - 77. List the prime factors of a.
2, 3
Let p be (-1 - 0)*0/1. Suppose -25 = -w + 5*i, 2*w + 5*i = -10 - p. What are the prime factors of w?
5
Suppose 5*o = -1 + 21. Suppose 0 = n - 3*p - 21, -3*p - 10 = o*n - 64. What are the prime factors of n?
3, 5
Let g = -8 - -55. Let s be (3/1 - -1)/1. Suppose g = s*l - 1. List the prime factors of l.
2, 3
Let m(w) = w**3 - 5*w**2 - 3*w - 3. Let g be m(6). Suppose 4*f + f = g. Let q(u) = u**3 - 2*u**2 - 1. List the prime factors of q(f).
2
Let x be (15/(-9))/(2/(-18)). Let i(j) = j**2 - 4*j + 1. Let p be i(5). Suppose -g = 3, -3*a + p*a + 3*g = x. What are the prime factors of a?
2
Let w = 7 - -1. Let y(r) = -r**3 + 9*r**2 - 5*r - 9. List the prime factors of y(w).
3, 5
Let o(v) = -16*v + 4. Let a be o(2). Let u = a + 48. What are the prime factors of u?
2, 5
Let h be 6/(-5)*10/(-4). Suppose -h*a + 8*a + 5 = 0. What are the prime factors of 12*((-3)/4)/a?
3
Let f = -262 + 558. What are the prime factors of f?
2, 37
Suppose 0 = -5*w + 84 + 71. List the prime factors of w.
31
Let p = -166 + 265. What are the prime factors of p?
3, 11
Let v(u) = 32*u**2 + 3*u - 9. What are the prime factors of v(2)?
5
Suppose 3*b = -2*u + 6*u - 405, -3*u = -b - 310. What are the prime factors of u?
3, 5, 7
Suppose 9*n - n = 968. What are the prime factors of n?
11
Suppose 0*n = -4*n - 200. Let h = 82 + n. Let l = 46 - h. What are the prime factors of l?
2, 7
Suppose 5*t = -5*a - 15 - 15, -4*a = t + 36. Let f = a + 13. Suppose 0*c - 48 = -f*c. List the prime factors of c.
2
Let r(p) = -p**3 + 6*p**2 - 5*p - 3. Let d be r(5). Let i be 12*(63/(-12))/d. Let w = -11 + i. List the prime factors of w.
2, 5
Let j(q) = -3*q**3 + 9*q**2 - 3*q + 3. Let h(a) = 13*a**3 - 37*a**2 + 12*a - 13. Let f(u) = 2*h(u) + 9*j(u). What are the prime factors of f(6)?
19
Let o(b) = -b**2 + 22*b - 31. What are the prime factors of o(16)?
5, 13
Suppose 0 = -4*p + 89 + 43. What are the prime factors of p?
3, 11
Suppose 4*k + 26 = 10. Let h(c) = -3*c + 4. List the prime factors of h(k).
2
Let w(u) = u. Let a be w(3). Suppose 2*c + 3*b - 21 = c, -45 = -5*c - a*b. List the prime factors of 11/c*-2*-3.
11
Suppose i + 6 = 3*i. Suppose 7*q - 68 = i*q. What are the prime factors of q?
17
Suppose -6*j + 12 + 24 = 0. What are the prime factors of 6/4 + 231/j?
2, 5
Let t(i) = -i**3 - 12*i**2 + 3. Let a be t(-12). Let u = a - -20. Suppose 5*c = 3*d + 38, 4*c + 3*d - u = -2*d. What are the prime factors of c?
7
Let q = 69 + -26. Let s = q - 26. List the prime factors of s.
17
Suppose -3*p = -137 - 7. List the prime factors of p.
2, 3
Let q = 8 - 4. Suppose 5*t + q*s = 44, -5*s + 4*s = 4*t - 33. What are the prime factors of t?
2
Let i = 30 + -55. List the prime factors of (-12)/5*i/10.
2, 3
Let l = 724 + -429. What are the prime factors of l?
5, 59
Let q = 14 + -4. Let m(y) = y**3 + 4*y**2 - 5*y + 6. Let d be m(-5). What are the prime factors of ((-35)/q)/((-1)/d)?
3, 7
Let d(f) = f**3 + 5*f**2 - 2*f - 7. Let c be d(-5). Suppose 0 = -c*s + v - 3, s - 3 = -0*s - v. Suppose -y - y + 16 = s. What are the prime factors of y?
2
List the prime factors of 150/14 - (1 + 36/(-28)).
11
Let d(z) = -z**3 - z**2 + 5*z - 6. What are the prime factors of d(-5)?
3, 23
Let o(l) = -l**3 + 8*l**2 + l - 6. Let r be o(8). Suppose -14 - 61 = -r*j + x, -129 = -4*j - 5*x. What are the prime factors of j?
2, 3
Let w(g) = g**3 + 9*g**2 - 11*g + 13. What are the prime factors of w(-10)?
23
Let t(f) = -2*f - 6. List the prime factors of t(-11).
2
Suppose -5*j = -7*j + 6, l - 377 = 5*j. What are the prime factors of l?
2, 7
Let h be 2*(15/6 - 1). Suppose -4*p + 5 + h = 0. Suppose 3*k + p*k = 75. List the prime factors of k.
3, 5
Let c(r) be the first derivative of -r**2/2 + 8*r - 4. What are the prime factors of c(0)?
2
Suppose -g + 112 = -3*o, 0*g - 3*o + 100 = g. Let j(i) = -i**2 + 12*i + 18. Let b be j(13). What are the prime factors of g/10 - (-2)/b?
11
Let h be (-28)/(-6) + (-2)/(-6). Suppose -k - k - 2*c = 8, -h*c - 20 = -4*k. What are the prime factors of (-1 - (k - 1)) + 12?
2, 3
Suppose -3*c - 13 = -2*k, -17 = -2*k + 5*c + 2. Suppose b + k*f = -4, 3*b = 4*f - f + 6. What are the prime factors of (0 - -12) + (b - -1)?
13
What are the prime factors of (-2)/(-4)*(6 + 50)?
2, 7
Suppose -j + 2*b = 6, 2*j + 3*b - 4 = 6*j. Let d(y) = 4*y - 25. Let z be d(7). Suppose -5 = j*o + z*h, 0*o + 2*h = -3*o + 5. What are the prime factors of o?
5
Let y(g) = -g**3 - g + 141. What are the prime factors of y(0)?
3, 47
Let u be (-2 - -6) + -2 - 39. Let h = u + 57. List the prime factors of h.
2, 5
Let i(a) = -a**3 + 12*a**2 - 6*a - 9. What are the prime factors of i(11)?
2, 23
Suppose -103 = -3*t - 31. Let o = t - 8. List the prime factors of o.
2
Suppose p = 2*n + 96, -5*n - 189 = 2*p + 33. Let d = n + 75. What are the prime factors of d?
29
Let t(g) be the third derivative of g**6/120 - 3*g**5/20 + 3*g**4/8 + 5*g**3/6 - g**2. Let i(z) = 2*z - 2. Let w be i(5). List the prime factors of t(w).
13
Suppose -4*y + 4 = 2*r, 0 = -2*y + 1 + 1. Suppose f = h - 19, r*f = f + 1. What are the prime factors of h?
2, 3
Suppose g = l - 8, g - 25 = 6*g. Suppose 4*t - 2 = -4*c + 2*t, 2*t + 1 = -l*c. Suppose -3*a + 21 = -c*f - 12, -4*a + 5*f = -44. List the prime factors of a.
11
Suppose 0 + 4 = -b. Let g be b/2 + 4/1. List the prime factors of (-1)/(-1) - g*-5.
11
Let c(f) = 4*f**2 + 1. Let k be c(-1). Suppose r = k*r - 16. List the prime factors of r.
2
Let d(r) = 2*r - 3*r - 6 + 15. Suppose 0*w + 3*t = -w, t - 22 = -4*w. List the prime factors of d(w).
3
Suppose 7 + 3 = -2*l. Let f be 5/(25/(-12))*l. Suppose 0 = -b + 1 + f. List the prime factors of b.
13
Suppose 89 = 5*s + 3*l, 2*l = s - 0*l - 10. List the prime factors of s.
2
Suppose 0 = -5*g - 4*p + 18, 4*p + p - 8 = g. Suppose 3*w = g*w + 3. What are the prime factors of (-11)/w*(-6)/2?
11
Let x be (10/(-4))/(3/(-12)). Let h be 1/4 + x/(-8). Let k(v) = 3*v**2 + 1. List the prime factors of k(h).
2
Let i(x) = -x**2 + x. Let h be i(2). List the prime factors of (-6 + 7)/(h/(-34)).
17
Suppose -4*q = 3*b + 17, -4*b - 11 = -2*b + 3*q. Let j = -5 - b. Suppose 3*w = -t - 0*t, j*t - 15 = -w. List the prime factors of t.
3
Let a = 0 - -4. Suppose -4